-y**3 + 9. Let c = -4 + 4. What is the remainder when (20/(-6))/(-3 + (-183)/(-63)) is divided by o(c)?
8
Let a = -8 + 10. Suppose -13 = -a*m - 4*n + 15, 0 = 2*m - 2*n - 22. What is the remainder when 46 is divided by m?
10
Let o(s) = -s**2 + 1. Let u(k) = 4*k**2 + 15*k + 9. Let h(d) = -3*o(d) - u(d). Calculate the remainder when h(-10) is divided by (2/4)/((-2)/(-52)).
12
Suppose j + 9 = 2*d, -11 = -4*j - 3*d - 3. What is the remainder when (-33 + -2)*j/1 is divided by 12?
11
Let m be ((-5)/5)/(1/(-7)). Suppose w - m = 4. Calculate the remainder when 20 is divided by w.
9
Let o(x) = -107*x + 1. Let l be o(1). What is the remainder when l/(-4) + 2/(-4) is divided by 9?
8
Suppose 0*h = 2*h - 60. Let y be 48/(-10)*h/(-9). Let a = y - 7. What is the remainder when 16 is divided by a?
7
Suppose -2*q + 2*m = -194, m - 191 = -5*q + 270. Calculate the remainder when q is divided by 48.
45
Suppose -9 = 3*u - 30. What is the remainder when 13 is divided by u?
6
Let f be (-1)/(4/5 - 1). Suppose 2*m + 8 = 3*j, 2*j + 2*j - f = -3*m. Suppose -6 = -j*v + 14. Calculate the remainder when 29 is divided by v.
9
Let w = 69 + -34. Calculate the remainder when 2 + (0 - 3) + 68 is divided by w.
32
Let h = 19 - -20. What is the remainder when (-3)/((-27)/12)*h is divided by 18?
16
Let n be 3 + -5 - (1 + -3). Suppose 4*v + 2*u - 54 = n, v - 72 = -4*v - 4*u. Calculate the remainder when 35 is divided by v.
11
Suppose -2*r - 8 = 0, r + 0*r - 80 = -3*q. Suppose q = 3*v + 1. What is the remainder when 35 is divided by v?
8
Let b = 19 - 35. Let v = -14 - b. What is the remainder when 5 is divided by v?
1
Suppose v - 3*l - 20 = -0*v, -l - 5 = 0. Suppose v*f - 4 = 76. Calculate the remainder when 61 is divided by f.
13
Let j = 8 + -5. Calculate the remainder when 3 is divided by j.
0
Let j = -79 - -103. Calculate the remainder when 88 is divided by j.
16
Suppose 4*t = 4*f + 48, -t - 44 = -4*t - f. What is the remainder when 26 is divided by t?
12
Suppose 4*s = -3*l + 93, -4*l + 66 = 3*s - l. Let j = s + -14. What is the remainder when 49 is divided by j?
10
Let a(d) = 0 - 4 + 25*d - 18*d. Calculate the remainder when a(4) is divided by 13.
11
Let k be (-6)/9*(-876)/(-8). Let u = -30 - k. What is the remainder when u is divided by 11?
10
Let k(a) = 49*a**2 + a + 1. Let w(b) = b**3 - 8*b**2 + 13*b - 7. Let j be w(6). Calculate the remainder when k(j) is divided by 25.
24
Suppose 0 = -3*n - n + 24. Calculate the remainder when 9 is divided by n.
3
Let b(u) = u**2 + 4*u + 1. Suppose 2*r + 15 = 4*t + 1, 0 = -5*r + 4*t - 23. Calculate the remainder when b(3) is divided by (3/r + 2)*12.
10
Suppose -185 = -6*z + 7. What is the remainder when z is divided by 12?
8
Calculate the remainder when 21 is divided by -3*(-1 + (-40)/15).
10
Let p(d) be the second derivative of d**4/12 - 3*d**2/2 - 9*d. What is the remainder when 131 is divided by p(6)?
32
Suppose 0 = 3*u - 3*b - 108, 4*u - 2*u + 5*b = 93. Calculate the remainder when 72 is divided by u.
33
Let f = 13 - 21. Calculate the remainder when (-2)/f*-2*-110 is divided by 14.
13
Let f be -3*(2 + -2 - 1). Suppose -j + 124 = f*j. What is the remainder when j is divided by 11?
9
Suppose -8*h + 10*h - 8 = 0. Let p(t) = -4*t - 2*t**3 + 2*t + 13*t**3 + 1. Calculate the remainder when p(1) is divided by h.
2
Calculate the remainder when 19 is divided by ((-132)/(-16))/((-6)/(-8)).
8
Suppose -4*y + 47 = -9. Suppose 3*d - 45 = -3*k + 69, k = -2. Calculate the remainder when d is divided by y.
12
Let w = 1 - -10. Suppose c = 4*c - 123. What is the remainder when c is divided by w?
8
Let u = 2 + 2. Suppose 2*t + 33 = 5*t - 3*p, -u*t + 62 = 5*p. Calculate the remainder when 38 is divided by t.
12
Suppose 4*k - 4*v - 44 = 0, k + k + v - 25 = 0. Calculate the remainder when 15 is divided by k.
3
Suppose -n - 24 = -4*i, -i + 23 = 4*i - 3*n. What is the remainder when i is divided by 4?
3
Let v = 146 - 83. Suppose 3*x = 4*l - 38 + 5, -3*x = 4*l - v. What is the remainder when 33 is divided by l?
9
Let n = 11 + -7. What is the remainder when n is divided by (4/1 - 1)*1?
1
Let c be 98/(-21)*(-4 + 1). Suppose -c = -5*t + 11. Calculate the remainder when 14 is divided by t.
4
Calculate the remainder when (3/9)/(6/792) is divided by 15.
14
Suppose -5*d + 47 = -13. Let p be (-5)/(-3) + (-1)/(-3). Suppose -4*l + 24 = -4*j, p*l + l - 23 = -2*j. What is the remainder when d is divided by l?
5
Let c = 71 + -43. Let z = c + -11. Calculate the remainder when 32 is divided by z.
15
What is the remainder when (-3 - 5/(-2))*-26 is divided by 4?
1
Suppose 2*p - 4*u - 34 = 0, -2*u + 3 = 7. Calculate the remainder when p is divided by 4.
1
Let h = 7 - -18. Let t = -22 + 37. Suppose -t = -3*n, -4*n - 1 = 2*w - 39. Calculate the remainder when h is divided by w.
7
Suppose 2*p - 7*p = -100. Calculate the remainder when 37 is divided by p.
17
Suppose 2*w - 12 = 40. What is the remainder when w is divided by 7?
5
Let q = 14 + 4. What is the remainder when 105 is divided by q?
15
Let l(q) = 3*q + 7. What is the remainder when 61 is divided by l(2)?
9
Suppose 0 = -5*j + 181 + 64. Suppose 4*g = u - 17, 3*u + g = -3*g + 51. Let t = u - 0. What is the remainder when j is divided by t?
15
Suppose -d + 2*g = -0*d - 38, 0 = -d + g + 36. Let w(s) = s**3 + 10*s**2 + 9*s + 10. Calculate the remainder when w(-8) is divided by d.
32
Let q be (12/(-10))/((-2)/(-10)). Let n(p) = -2*p + 7. Let x be n(q). Suppose x = 3*v - 2. What is the remainder when v is divided by 3?
1
Suppose -3*d + 63 = -4*i, -2*d + 4*d = -4*i + 22. What is the remainder when 32 is divided by d?
15
What is the remainder when 42 is divided by (-4)/(-22) + (-652)/(-44)?
12
Suppose -2*t + 112 = 2*t. Suppose 0 = i + 2*n + 7, -5*n + 0*n = -i + t. What is the remainder when 5 is divided by i?
2
What is the remainder when 19 is divided by 15/(-6)*88/(-20)?
8
Suppose i - 3*d - 6 = 73, 5*i = 3*d + 335. What is the remainder when i is divided by 17?
13
Let z(c) = 2*c**2 + 2*c - 4. Let m(r) = 3*r**2 - 2*r - 2. Let f be m(-3). Let l = f + -9. What is the remainder when l is divided by z(-3)?
6
Suppose 4*a - 5*h + 8 = 48, -2*a + 2*h = -18. Suppose a*b = 17 + 8. Calculate the remainder when 18 is divided by b.
3
Suppose -7*m + 496 - 6 = 0. Calculate the remainder when m is divided by 24.
22
Suppose -2*w - 7 = 5*o, -3*o - 5 = -2. Suppose 2*h + h - 36 = 0. Calculate the remainder when h is divided by (-1 + w/(-2))*-14.
5
Let r = 139 + -37. Let o(n) = 2*n - 6. Let f be o(5). Suppose -r = -f*p + 126. Calculate the remainder when p is divided by 15.
12
Let k = -144 + 215. Calculate the remainder when k is divided by 18.
17
Suppose 5*b - 140 = -0*b. Suppose 0*g + 5 = -5*g, 5*c + 2*g = 198. Let a = c - b. What is the remainder when 22 is divided by a?
10
Let r(h) = h**2 - 8*h - 2. Let p be r(7). Let f = 11 + p. Calculate the remainder when 5 is divided by f.
1
Let k = 109 - 74. Calculate the remainder when k is divided by 13.
9
Let a be 1 - (-12 - (2 - 1)). Calculate the remainder when (a/4)/((-2)/(-20)) is divided by 18.
17
Let v = -44 - -28. Calculate the remainder when 65 is divided by 4/(v/(-12)) - -14.
14
Suppose -3*m + 0*m = -2*k - 178, 2*m - 3*k = 122. Calculate the remainder when m is divided by 15.
13
Suppose 3*v - 49 = -4*q, -5*q + 64 + 1 = 4*v. Calculate the remainder when 42 is divided by v.
12
Suppose 0 = -u - 2*m + 11, 4*u = -2*m + 4 + 46. Suppose 4*v = -3*b + 36, 15 = 7*v - 2*v. What is the remainder when u is divided by b?
5
Let o = 4 - 2. Let a(k) = -k**3 + k**o + 2*k**3 + 3*k + 2 - 8*k. What is the remainder when a(3) is divided by 12?
11
Let b(l) = -4*l - 1. Let x be -8 + 10 - (5 + 0). Calculate the remainder when 32 is divided by b(x).
10
Let m(f) = 3*f - 1. Let g be m(1). Suppose 5*t = 17 - g. Let y(j) = -j**2 - 9*j - 10. What is the remainder when y(-6) is divided by t?
2
Let z(p) = -p**2 - p - 2. Let g be z(-4). Let b = g + 23. What is the remainder when 281/b + 2/(-9) is divided by 11?
9
Let i(m) be the first derivative of -1/3*m**3 + 0*m + 0*m**2 + 2 - 3/4*m**4. Calculate the remainder when i(-1) is divided by 1.
0
Let u(p) = 2*p**2 - 15*p + 16. What is the remainder when u(9) is divided by 15?
13
Let s = -20 + 46. Let h = s - 14. Calculate the remainder when 33 is divided by h.
9
Let r(u) = u - 1. Let p b